w - 4*w = 9. What is the remainder when (v/1)/(3/(-93)) is divided by a?
15
Let t = -34 + 130. Let l be t - 0*(-2)/4. Suppose -4*j + 4*v = -l, -4*j + 92 = -3*v + v. What is the remainder when 64 is divided by j?
20
Let b(l) = l**3 + 7*l**2 + l + 10. Let q = -6 + -1. Let c be b(q). Suppose -h = -o + c, -4*o + 41 = 5*h - 16. Calculate the remainder when 15 is divided by o.
7
Calculate the remainder when 20/25 + 882/10 is divided by 18.
17
Suppose -4*h - h = -10. Suppose -4*i - h*g = -68, -i + 13 + 4 = -4*g. Suppose -5*o + 17 = -28. What is the remainder when i is divided by o?
8
Suppose 0*z - 4*z = -88. Suppose -z = x - 5*j, 32 = 4*x + 5*j - j. Suppose 4 + 12 = x*p + r, 0 = 3*r - 12. What is the remainder when p is divided by 2?
0
Let b(i) = -i**3 - 14*i**2 + 16*i + 3. Let t be b(-15). Let w = t - -19. What is the remainder when w is divided by (3 + -13)*(-2)/4?
2
Suppose 0 = -q - 3, -4*q + 28 = 2*n - 6*q. Let j = n + -3. Calculate the remainder when 29 is divided by j.
5
Suppose k - 49 = -4*l, k = -l + 12 - 2. Suppose 2*i = 4*i - 14. Calculate the remainder when l is divided by i.
6
Let y be (0 + 0)/(4 - 3). Let c = 12 - -10. What is the remainder when c is divided by (13 - (1 + y)) + 0?
10
Let t be (-16)/20*(-5)/2. Suppose t*q + 27 = 11. Calculate the remainder when 28 is divided by 2/1*(-60)/q.
13
Suppose 4*l - s - 112 = -10, 4*s = -4*l + 112. What is the remainder when 77 is divided by l?
25
Suppose 2*g = -2*g + 44. Let k = -6 + g. What is the remainder when 9 is divided by k?
4
Suppose -30 = -5*z - 0*z. Suppose 2 = 2*d - z. Calculate the remainder when -12*((-6)/4 - -1) is divided by d.
2
Suppose -3*p = 3*c - 117, -91 - 32 = -3*p - 5*c. Suppose 0*j = j + 5. Calculate the remainder when p is divided by (-3)/(-1) + (j - -15).
10
Calculate the remainder when (-15)/6 + 2 - 61/(-2) is divided by 8.
6
Suppose -23 = -d + 4*b - 2*b, 0 = 3*d + 4*b - 49. Suppose n - 3 = -2*n. What is the remainder when 107/3 + n/3 is divided by d?
17
Suppose 3*v + 1 = -5, v - 44 = -2*s. Calculate the remainder when s is divided by 8.
7
Let g = 953 - 861. Suppose -b = -2*b + 19. What is the remainder when g is divided by b?
16
Let a = 64 - 44. Calculate the remainder when 57 is divided by a.
17
Let i(p) = -p**2 + 4*p + 2. Let l be i(5). Calculate the remainder when 21 is divided by l/6*-26 - 2.
10
Suppose 6*h - 2*h = 5*w + 10, 4*h = -3*w + 26. Let t = h - 2. Suppose -t*o + 2 = -10. Calculate the remainder when o is divided by 2.
0
Suppose 4*b - 19 = -3*c, -5*b - 14 - 6 = -5*c. Suppose -f + c = -73. What is the remainder when f is divided by 20?
18
Let g(k) = 11*k - 7. Calculate the remainder when 175 is divided by g(6).
57
Let q(o) = -2*o + 3. Let a(u) = -u**2 + 4*u + 7. Let v be a(5). Let c be q(v). What is the remainder when 12 is divided by 1*(-3 - c) + 9?
5
Suppose 6*y - 16 = 2*y. Calculate the remainder when 10 is divided by y.
2
What is the remainder when 23 + (-15)/3*1 is divided by 9?
0
Let v = -318 - -320. Suppose b + f - 1 + 3 = 0, 5*b = -3*f. What is the remainder when (-1 - 3)/((-2)/b) is divided by v?
0
Let o = 29 + -17. Calculate the remainder when 46 is divided by o.
10
Let a(m) = m**2 + 4*m + 1. Suppose -4*r - 11 = -d, 2 = -2*r + 2*d - 2. Let z be a(r). What is the remainder when 30 is divided by ((-3)/z)/((-12)/(-128))?
14
Let d = -4 + 6. Let i(h) = -4*h + 0*h**d - h**2 + 0 + 5 + 2*h**2. What is the remainder when 19 is divided by i(5)?
9
Let z = 11 - 6. Suppose -p + 3*j = 4*j - 21, 0 = 2*p - z*j - 21. Calculate the remainder when 34 is divided by p.
16
Let l = -7 + 20. Calculate the remainder when l is divided by 9.
4
Let w(d) = -3*d - 20. Let a be w(-8). Calculate the remainder when 52 is divided by 21 + -2*6/a.
16
Let x = 107 - 80. Calculate the remainder when x is divided by 7.
6
Let l be 48/26 - 10/(-65). Suppose 0*k - l*k + 8 = 0. Calculate the remainder when 5 is divided by k.
1
Suppose -4*v = v - 10. What is the remainder when ((-32)/(-40))/(4/10) is divided by v?
0
Let q = 69 + -38. Calculate the remainder when q is divided by 17.
14
Let a be (472/(-16))/(2/4). Let d = -30 - a. Suppose 0 = -5*n - 3*x + 56, -n - 2*x = n - 24. Calculate the remainder when d is divided by n.
9
Suppose 3*y = -2*q + 8, 2*y - 20 = -5*q - 0*y. Calculate the remainder when 13 is divided by q.
1
Suppose 112 = 3*r - 188. Calculate the remainder when r is divided by 17.
15
Let y = -51 + 92. What is the remainder when 202 is divided by y?
38
Let n(s) = -10*s - 3. Suppose -3*f = -2*f - 3. Suppose -f*l = l - 36. What is the remainder when n(-2) is divided by l?
8
Let k = 163 + -156. What is the remainder when 20 is divided by k?
6
Suppose 2*t + 1 = 9. Let w = 3 + t. Suppose 27 = 2*a + w. What is the remainder when 19 is divided by a?
9
Suppose 3*r - 20 = -2*r. Suppose -5*s = r*k - 45, -4*s + 16 = 4*k - 24. What is the remainder when 8 is divided by s?
3
Let m(b) = -b**2 - 8*b - 4. Let d = -3 + -4. Let q be m(d). Suppose 0 = 3*i + i + h - 24, -q*i + 29 = -2*h. What is the remainder when 13 is divided by i?
6
Suppose 231 = -0*j + 11*j. Calculate the remainder when 165 is divided by j.
18
What is the remainder when (-2*(-26)/(-4))/(-1) is divided by 4?
1
Calculate the remainder when 71 is divided by (-16)/28 + 162/14.
5
Let s = 16 - 16. Suppose d - 3*k = 3*d - 67, s = -3*d + k + 95. What is the remainder when d is divided by 7?
4
Let f(v) = v - 7. Calculate the remainder when 7 is divided by f(10).
1
Suppose 4*l - 10 - 6 = 0. Suppose 3*s = -2*s + r + 81, -5*s = -l*r - 84. Calculate the remainder when s is divided by -4 - (4/(-34) - (-840)/(-85)).
4
Let w(r) = 8*r. Let k be w(-1). Calculate the remainder when 4 is divided by (-1 - 2) + (-3 - k).
0
Let d(w) = w**3 + 4*w**2 - w - 2. Suppose 0 = g - 3*g - 8. Calculate the remainder when d(g) is divided by 2.
0
What is the remainder when (-2)/13 + 11/(858/1884) is divided by ((-78)/(-9))/((-4)/(-6))?
11
Let w = 2 - -3. What is the remainder when w is divided by 4?
1
Suppose -2*w + 16 = -30. What is the remainder when w is divided by 12?
11
Let z(v) = -8*v - 4. Let d = -19 + 11. Let m be z(d). Suppose -3*i + 5 = -4*f + m, 0 = -2*f + 3*i + 29. Calculate the remainder when f is divided by 5.
3
Let m(c) = c**2 - 3*c. Let f(z) = 6*z**2 + 11 + 9*z - 3*z**2 - 4*z**2. Calculate the remainder when f(8) is divided by m(5).
9
Calculate the remainder when -24*(2 + -3) + 3 is divided by 6.
3
Let p = -5 + -7. Let v = p + -3. Calculate the remainder when ((-6)/v)/(2/90) is divided by 10.
8
Suppose 4*b - 6 = -0*b + x, -20 = -5*b - 5*x. Calculate the remainder when 6 is divided by b.
0
Suppose -2*j = -j - 34. Calculate the remainder when j is divided by 7.
6
Let f(n) = -2*n**2 - 13*n + 1. Let y(q) = q**2 + 6*q. Let d(u) = 4*f(u) + 9*y(u). Calculate the remainder when 19 is divided by d(-3).
5
Calculate the remainder when ((-76)/20)/(2*(-2)/20) is divided by 11.
8
Suppose j = 10 + 15. Let h be 5/j - 19/(-5). Let a(o) = 3*o + 3. What is the remainder when 43 is divided by a(h)?
13
Let s = -63 + 65. Let j(b) = -8*b - 1. Calculate the remainder when j(-1) is divided by s.
1
Let h = 13 - -25. Calculate the remainder when h is divided by 13.
12
Let i = -2 + 2. Suppose h - 4*w + 3 = 0, -4*h + 18 = w - 2*w. Suppose i*b - h*b = -15. What is the remainder when 5 is divided by b?
2
Suppose -3*s + 2*s = -4*b - 34, -23 = -2*s - b. Let y be 0/(-1) + (-3 - -17). Let a = -10 + y. Calculate the remainder when s is divided by a.
2
Let x = -136 - -179. What is the remainder when 257 is divided by x?
42
Suppose 3*a + 2 = a. Let w = -3 - a. Calculate the remainder when (-11)/(w + 1) + 1 is divided by 7.
5
Let g = 3 + -2. Let d(q) = -q**3 + 3*q**2 - q + 4. Calculate the remainder when d(3) is divided by g.
0
Let m = 21 - 16. Calculate the remainder when 64 is divided by m.
4
Suppose 2*z - 96 = -4*k + 6, 4*z = 5*k - 95. Calculate the remainder when k is divided by 1*-13*(3 + -4).
10
Suppose 4 = -3*i - 5*w, 2*w - 6*w - 8 = 0. Suppose -7 - 9 = -4*y - i*g, 4*g = -4*y + 8. Suppose y*n - 220 = n. What is the remainder when n is divided by 15?
14
Let b be (-1)/(3/(-6) + 0). Let x = b + 1. Suppose -x*g + 6 = 0, -5*g + 0*g = -m - 6. Calculate the remainder when 7 is divided by m.
3
Let y be 10*-3*3/(-9). Suppose 0*a + 5*g - 13 = -3*a, a - 4*g = y. Calculate the remainder w